base 3) in base 10?
751
Convert -451160 (base 7) to base 16.
-13733
Convert 1336 (base 9) to base 5.
13010
-5b1 (base 15) to base 11
-a74
-2012220101 (base 3) to base 15
-ce14
What is -431 (base 9) in base 6?
-1344
What is -101121 (base 4) in base 12?
-789
Convert 400 (base 14) to base 12.
554
23 (base 7) to base 10
17
What is -2091 (base 11) in base 4?
-223022
Convert 355 (base 7) to base 16.
bb
2204 (base 9) to base 8
3130
What is 315 (base 8) in base 12?
151
b18 (base 12) to base 3
2012102
What is 820 (base 9) in base 15?
2e6
Convert -1363 (base 8) to base 16.
-2f3
100110011001 (base 2) to base 7
10110
What is 43a3 (base 13) in base 14?
3616
Convert 3c6 (base 15) to base 16.
35d
-245a6 (base 12) to base 10
-49230
-42839 (base 10) to base 15
-ca5e
-46a7 (base 16) to base 3
-220210220
Convert 66050 (base 7) to base 6.
204215
Convert -111111011 (base 2) to base 13.
-300
What is 940 (base 11) in base 2?
10001101101
What is 465 (base 12) in base 7?
1622
Convert -603 (base 7) to base 15.
-14c
13300 (base 4) to base 14
276
What is -10220121 (base 3) in base 9?
-3817
115252 (base 7) to base 10
21058
-10454 (base 7) to base 10
-2636
8041 (base 14) to base 10
22009
What is 2392 (base 13) in base 16?
139c
-2002 (base 5) to base 13
-165
Convert -211 (base 16) to base 12.
-381
What is -3a58 (base 13) in base 7?
-33233
100011100010010 (base 2) to base 11
12740
Convert 1011010000 (base 2) to base 12.
500
Convert 2222221 (base 3) to base 12.
1321
-6684 (base 9) to base 11
-3788
422420 (base 5) to base 12
81ba
365 (base 9) to base 13
1a3
What is 3d8 (base 16) in base 13?
5a9
Convert 2284 (base 12) to base 8.
7404
11053 (base 8) to base 9
6337
What is -23614 (base 7) in base 2?
-1011111111000
-aa (base 13) to base 15
-95
What is -854 (base 13) in base 6?
-10325
What is -135162 (base 8) in base 2?
-1011101001110010
549 (base 12) to base 2
1100001001
What is -20644 (base 8) in base 3?
-102210222
Convert 76587 (base 9) to base 12.
25481
-1909 (base 11) to base 13
-114b
232420 (base 6) to base 4
10320330
Convert 10001010111000 (base 2) to base 5.
241023
617 (base 15) to base 16
55c
What is 1557 (base 11) in base 10?
1998
67711 (base 8) to base 10
28617
-592 (base 12) to base 8
-1476
-110 (base 11) to base 8
-204
-40574 (base 8) to base 5
-1014024
11110110 (base 2) to base 11
204
-5830 (base 9) to base 13
-1c74
Convert 3313 (base 9) to base 10.
2442
Convert -66452 (base 10) to base 12.
-32558
Convert -16744 (base 12) to base 9.
-48107
Convert -940 (base 15) to base 6.
-13353
3554 (base 12) to base 6
43344
-1670 (base 10) to base 6
-11422
Convert -1000111101 (base 2) to base 16.
-23d
Convert c8 (base 14) to base 8.
260
What is -220222 (base 3) in base 12?
-482
-133a (base 11) to base 10
-1737
Convert 1304 (base 10) to base 11.
a86
What is 2010000 (base 3) in base 12?
a83
-b77 (base 12) to base 11
-1293
Convert 1236 (base 9) to base 4.
32130
Convert -4013 (base 5) to base 15.
-23d
What is 203022 (base 4) in base 2?
100011001010
-44 (base 6) to base 16
-1c
Convert 216 (base 14) to base 16.
19c
-63a (base 14) to base 8
-2314
Convert -2b6 (base 14) to base 16.
-228
37033 (base 11) to base 6
1050352
Convert -10054 (base 7) to base 3.
-10100101
What is -5b5 (base 14) in base 7?
-3215
-2134 (base 5) to base 12
-206
111011010 (base 2) to base 5
3344
Convert 2603 (base 16) to base 15.
2d3b
Convert -202101100 (base 3) to base 12.
-8723
What is -35461 (base 7) in base 5?
-243112
-13432 (base 5) to base 2
-10001011101
What is 3000 (base 8) in base 4?
120000
-505 (base 11) to base 16
-262
-14004 (base 7) to base 12
-2229
What is 181 (base 10) in base 8?
265
24154 (base 11) to base 3
1202201101
-1a07 (base 12) to base 13
-15a3
Convert -2301133 (base 4) to base 6.
-124331
1000001100 (base 2) to base 9
642
-29a (base 15) to base 2
-1001010011
Convert 2511 (base 6) to base 11.
513
Convert -6a (base 15) to base 14.
-72
Convert -301113 (base 4) to base 8.
-6127
Convert 15632 (base 8) to base 2.
1101110011010
211102 (base 3) to base 10
605
Convert 101100110001100 (base 2) to base 6.
254044
What is 58609 (base 11) in base 15?
1a0e3
-2906 (base 13) to base 7
-23156
Convert -434 (base 16) to base 3.
-1110212
9545 (base 10) to base 16
2549
1022222 (base 3) to base 16
3cb
2b7 (base 14) to base 13
337
Convert -101221020 (base 3) to base 11.
-5a97
Convert -370 (base 11) to base 10.
-440
4144 (base 7) to base 11
1101
Convert 10a (base 14) to base 11.
178
10111000100 (base 2) to base 10
1476
-1001001001 (base 2) to base 9
-720
What is -1001000111011 (base 2) in base 12?
-284b
What is 1212100111 (base 3) in base 2?
1000111101100010
-233 (base 10) to base 2
-11101001
5366 (base 12) to base 7
35451
What is 3401 (base 8) in base 12?
1055
What is -94e6 (base 15) in base 3?
-1121012100
Convert 798 (base 11) to base 8.
1672
Convert 211131 (base 6) to base 3.
212111001
Convert -32e (base 16) to base 9.
-1104
What is -1000011110001 (base 2) in base 9?
-5848
101000010 (base 2) to base 5
2242
875 (base 9) to base 2
1011001100
What is -7c22 (base 13) in base 11?
-12110
Convert 63322 (base 7) to base 8.
36356
What is 122001 (base 3) in base 10?
460
-1645 (base 12) to base 15
-bb5
What is 132 (base 16) in base 15?
156
Convert 163 (base 12) to base 11.
18a
Convert -342110 (base 6) to base 16.
-713a
4416 (base 12) to base 15
2356
45267 (base 8) to base 15
5a02
22030 (base 4) to base 10
652
Convert -1511 (base 9) to base 3.
-1120101
-166 (base 9) to base 2
-10001101
What is -21130202 (base 4) in base 8?
-113442
-702 (base 15) to base 11
-1204
-714 (base 16) to base 15
-80c
-6b7 (base 12) to base 15
-46d
Convert 29 (base 11) to base 3.
1011
What is -639 (base 12) in base 14?
-48d
-75505 (base 9) to base 15
-ec22
500 (base 8) to base 7
635
-31a7 (base 11) to base 10
-4231
What is 1518 (base 9) in base 3?
1120122
Convert -12403 (base 6) to base 11.
-1455
-928 (base 11) to base 8
-2137
What is -2442 (base 5) in base 10?
-372
Convert -ca (base 14) to base 8.
-262
Convert -14405 (base 6) to base 13.
-1088
What is -3c6 (base 16) in base 8?
-1706
2114 (base 13) to base 5
121310
Convert 15a1 (base 13) to base 12.
1a05
Convert -10011010100 (base 2) to base 13.
-741
Convert 436000 (base 7) to base 8.
225311
Convert 2644 (base 7) to base 12.
704
-5645 (base 7) to base 16
-7fa
What is 66b8 (base 12) in base 2?
10110001101100
214040 (base 8) to base 4
101200200
-763 (base 16) to base 15
-861
-111112122 (base 3) to base 6
-113412
Convert b64 (base 15) to base 12.
15a1
What is -70 (base 8) in base 15?
-3b
-4154 (base 6) to base 15
-424
Convert -5ff (base 16) to base 15.
-6c5
-81 (base 13) to base 2
-1101001
What is -a333 (base 11) in base 7?
-54653
Convert -675a (base 11) to base 15.
-2983
212201 (base 3) to base 4
22000
3311222 (base 4) to base 14
5a30
257 (base 16) to base 8
1127
-9618 (base 11) to base 9
-18407
Convert -1203121 (base 4) to base 5.
-200421
-22021202 (base 3) to base 16
-1799
Convert -2035 (base 7) to base 5.
-10322
-881 (base 11) to base 15
-4a7
What is 5bc (base 14) in base 4?
101322
Convert 42912 (base 10) to base 15.
caac
918 (base 16) to base 2
100100011000
Convert -693 (base 13) to base 2.
-10001101110
-1323012 (base 4) to base 6
-100250
What is 200200 (base 3) in base 9?
620
-26152 (base 7) to base 4
-1230202
What is 1610 (base 8) in base 14?
488
-12715 (base 12) to base 15
-7712
Convert -16881 (base 10) to base 5.
-1020011
What is -1022000020 (base 3) in base 7?
-134256
What is 206 (base 13) in base 10?
344
1725 (base 8) to base 11
812
-2225 (base 11) to base 4
-231303
Convert -ac16 (base 13) to base 4.
-11313101
10112332 (base 4) to base 6
214354
Convert -17a (base 12) to base 16.
-ee
Convert 8b89 (base 13) to base 9.
28730
Convert 10010111100001 (base 2) to base 4.
2113201
Convert 32058 (base 10) to base 5.
2011213
111001111010 (base 2) to base 4
321322
12812 (base 9) to base 11
657a
Convert 322 (base 5) to base 10.
87
1036 (base 11) to base 8
2532
12441 (base 10) to base 7
51162
What is 10174 (base 8) in base 7?
15206
Convert 10c4 (base 13) to base 3.
10020022
What is -6234 (base 8) in base 13?
-1614
Convert -1112244 (base 5) to base 14.
-7271
Convert 4131122 (base 5) to base 14.
1a930
What is -2232331 (base 4) in base 9?
-16321
What is -3721 (base 9) in base 10?
-2773
280 (base 12) to base 